16 = -4*k + l - 6*l. Is (10/(-6) - k)/(108/(-422658)) composite?
False
Let q(o) = -o**3 - 43*o**2 - 40*o + 689. Is q(-50) composite?
True
Let s = -27898 - -135539. Is s a composite number?
False
Suppose 4*f = 4*s - 28, -6*s = 4*f - s - 8. Is (f - -1)*10406/(-44) a prime number?
False
Suppose -83443 = -h - 2*o, -3*o = 5*h - 296759 - 120449. Is h composite?
True
Let o = -16 - -20. Let g be (5 - 282/54) + o/18. Suppose -3*h + 0*m + 22004 = 5*m, 5*h + 5*m - 36690 = g. Is h a prime number?
False
Suppose -3*z + 30 = -3*p, 0 = -4*z + p + 2*p + 35. Suppose z*y - 15163 = -4*i, 11*y = 4*i + 8*y - 15139. Is i prime?
False
Let f(x) be the third derivative of 0*x + 23/2*x**3 - 11/4*x**4 - 17*x**2 + 0. Is f(-27) a prime number?
False
Let h(q) be the first derivative of 7*q**3/3 - q**2 - 6*q - 52. Is h(-17) a prime number?
False
Let u(g) = -g**2 - 1. Let z(h) = h**3 + 19*h**2 - 15*h - 22. Let k(p) = -u(p) - z(p). Is k(-27) a composite number?
True
Suppose 22*m - 2032387 - 746040 = 1160827. Is m a prime number?
True
Let w = 13 - -127. Let t(j) = -j**3 - 58*j**2 - 59*j + 171. Let d be t(-57). Let f = d - w. Is f composite?
True
Let k = -17 - -32. Suppose -2574*d + 2575*d - 9 = 0. Suppose d*l + k = 186. Is l a prime number?
True
Suppose 0 = -t + 5, -5*t - 104529 = -3*o - 1021. Is o prime?
True
Let i(x) = -11*x**3 - 7*x**2 + 8*x - 22. Let w be i(-9). Let y = -4461 + w. Is y composite?
False
Let z be -12*5/(-10)*2. Is -5 + z + (1661 - 11) a prime number?
True
Suppose -1 = -5*g + 4*g. Suppose 2*y = -5 + g, -2*w - 12 = 5*y. Is (-236 - (-2 - 1))*w a prime number?
True
Suppose 3*a = -9 + 3, 0 = -4*z + 2*a + 4344. Suppose -2*h + z = 3*h - 5*j, -2*h + 5*j + 434 = 0. Is h composite?
True
Suppose 0 = -197*t - 195*t + 376*t + 23728. Is t a composite number?
False
Let j(g) = 90*g - 13. Let w be 2/12 + (-118)/(-12) + -1. Suppose -w - 1 = -2*y. Is j(y) composite?
True
Let j(d) = -24*d + 100. Let q be j(4). Suppose -3*y = 4*k - 13873, -7*k + q = -6*k. Is y prime?
False
Suppose o = -5*r - 16, 4*o + r - 1 - 11 = 0. Suppose o*f - 3*f - 6245 = 0. Is f prime?
False
Let o(j) = -12264*j - 1138. Is o(-26) composite?
True
Let l(a) = 18*a**2 + 103*a + 27. Is l(-10) prime?
True
Is (5/10 - (-301725)/6) + -1 prime?
True
Suppose 5*y = -2*r - 1302, -10*r - 1953 = -7*r + 2*y. Let l = 608 - r. Is l a prime number?
True
Suppose -3*v = -9*v. Suppose v = -7*n + 2*n + 2075. Suppose -423 = -2*i + n. Is i a prime number?
True
Suppose -63*g - 6*g = -g. Let y = 10 - 7. Suppose -3*j = -v + 97, -y*v + 4*j = -g*v - 311. Is v a composite number?
False
Let q = 244 + 590. Let o be 6/(-18) + q/(-9). Let k = o - -1304. Is k composite?
True
Let l = -93 - -288. Let i = -132 + l. Suppose -i = -2*z + 439. Is z a prime number?
True
Let u be (-14)/(-4) + (1 - (-5)/(-2)). Suppose -10*j = u*j - 23604. Is j prime?
False
Let k(g) = 4091*g**2 - 52*g - 62. Is k(-5) a prime number?
False
Let w be 6/(14/35 - (-4)/(-5)). Let f(z) = -3*z**3 + 6*z**2 + 4*z - 46. Is f(w) a composite number?
False
Let h(p) = -40*p**2 + 7*p + 53539. Is h(0) prime?
False
Let p(b) = -977*b**3 + 3*b**2 - 2*b - 5. Is p(-4) prime?
False
Is 22/(-3)*3443085/(-570) prime?
False
Is -1 + 15 - 40678677/(-117) a prime number?
False
Suppose -a + j - 1 = -3, 3*a - 18 = -3*j. Suppose 8 = a*s, 2*s - 1 = -v + 2. Is (v - 13478)/(-3) - 0/1 composite?
False
Suppose -5*c - 44*h = -49*h - 579915, 3*h + 12 = 0. Is c a prime number?
True
Let a be ((-39)/117)/(1/1086). Let c = a + 613. Is c a prime number?
True
Let g = 1631 - 1638. Let k = 464 - 878. Let s = g - k. Is s a prime number?
False
Let t be (12/(-5))/(-1 + (-14)/(-15)). Let v = t - 36. Suppose 5*w + 0*r - 4*r - 10491 = v, -4*r + 10499 = 5*w. Is w composite?
False
Let t(n) = 37*n - 1. Let c(q) = 73*q - 2. Let y(z) = -3*c(z) + 5*t(z). Suppose 200 = -13*o + 174. Is y(o) a prime number?
False
Suppose -4*f = c - 4*c - 94221, 0 = -f - 3*c + 23544. Suppose -30*b + 30537 = -f. Is b prime?
False
Suppose 0 = 19*g - 16*g - 117. Let s = -28 + g. Suppose -6411 = -2*d - a, s*a - 7*a - 20 = 0. Is d a prime number?
True
Let v = 0 - 12. Let k = -748 - v. Let z = k - -3503. Is z prime?
True
Suppose -5*l + i = -3*i - 286287, -4*l - 5*i = -229046. Is l a composite number?
False
Let r = -66385 - -141244. Is r prime?
False
Suppose -189*s + 202091 = 5*f - 191*s, -4*f = 5*s - 161653. Is f composite?
True
Let x(g) = 5004*g**2 + 45*g + 311. Is x(-6) a composite number?
True
Let m = 31189 - 21511. Suppose 0 = 8*w - 6*w - m. Is w prime?
False
Is 545/(-3)*313524/(-180) prime?
False
Is (2*(-2 + 376065/10))/(37 + -36) a composite number?
False
Let l = 3345 + -1563. Suppose 16 = -4*h, l = -5*s + 3*h - 1446. Let z = -397 - s. Is z a prime number?
True
Suppose -75*u - 6716571 = -52299246. Is u prime?
True
Let z(o) = 183778*o + 13331. Is z(6) prime?
False
Let g(u) = 792*u**3 - 26*u**2 + 41*u - 49. Is g(5) composite?
True
Let z(c) = 20231*c - 104. Let y be z(-21). Is (-18)/24 + y/(-20) composite?
False
Suppose -24 = 20*j - 26*j. Suppose 3*b + 0*b - 957 = 3*k, 0 = -j*b + 3*k + 1278. Is b prime?
False
Let y(p) = -15*p + 169 + 0*p**2 - 163 - p**2. Is y(-8) a prime number?
False
Let l(z) = -3494*z - 961. Is l(-15) a prime number?
True
Let f = 927931 - 659277. Is f a prime number?
False
Suppose j - 3*f - 18 = -6, -20 = 4*f. Let x(m) = -m**3 - 6*m**2 - 10*m + 1. Let l be x(j). Suppose 9*h - 10*h + 5*u + 1107 = 0, -4*h = -l*u - 4460. Is h prime?
True
Suppose 422 = 4*c + 106. Suppose -c*p = -78*p - 449. Is p a prime number?
True
Let o = 18845 - -22718. Is o composite?
True
Let d(t) = 15 + t**3 - 13 + 0*t**2 - 9*t**2 - 7*t**2. Let m be d(16). Suppose 2*k = -0*q + m*q - 1230, -605 = -q - 4*k. Is q a composite number?
False
Let f be 5 - (-3 - (2 - -5)). Let u(z) = 25*z + 47. Is u(f) prime?
False
Let o be 1 + ((-1011)/(-3) - -1). Suppose -4*b - o = -2215. Is b composite?
True
Suppose -r - 2*v = 4*r - 73672, -3*r + 44198 = -4*v. Let b = -9461 + 13263. Suppose b + r = 8*l. Is l prime?
False
Let g(y) = -y**2 + y + 1. Let r(b) = b**2 + 5*b - 10. Let f(c) = -6*g(c) - 2*r(c). Let o = 144 - 131. Is f(o) a prime number?
False
Let p(j) = j**2 + 40*j + 4262. Is p(-61) prime?
False
Let j(b) = b**3 + 4*b**2 - 5*b - 1. Let a be j(-4). Let y = a + -14. Suppose 0*m + y*m = 5*n - 2280, 0 = -4*n - 2*m + 1794. Is n a prime number?
False
Suppose 13*t + 112 = 125. Let b = -6 - -4. Is t*b - (6 + -487) prime?
True
Suppose 0*o + 289965 = 5*o + y, 0 = 3*o - 3*y - 173997. Suppose 37597 = 17*k - o. Is k composite?
False
Let b(l) = 5*l**3 + l**2 - 2. Let q be b(-3). Let f = q + 183. Is f a prime number?
False
Let c = -21 + 21. Suppose c = 15*r - 13*r - 16. Is 1628/(-6)*(-12)/r prime?
False
Suppose 0 = 7*o - 4*o - 5*i + 358, 2*i = 2*o + 236. Let r = -117 - o. Is 2 - 357/(r - 2) a composite number?
True
Suppose -2*k + 3*l = -756917, 5*k + 8*l - 27*l - 1892304 = 0. Is k a composite number?
True
Suppose -34*g + 30*g - 4 = 0. Let t be g*1 - 7/((-28)/720). Let s = 58 + t. Is s composite?
True
Suppose 172*k + 1851663 = 16246171. Is k a prime number?
True
Is ((-42)/252)/(1/(-799818)) prime?
True
Let q = 254 - -1137. Suppose 3*x + 4905 = 5*y - 1990, -4*y + 5*x = -5529. Suppose g - q - y = 0. Is g a prime number?
True
Let q = 133931 + 3858. Is q a composite number?
True
Let a be ((-1669)/2)/(5/(-10)). Let j(n) = 18*n + 3 - 1668*n**3 - 6*n**2 - 3*n**2 + a*n**3. Is j(13) a prime number?
False
Let r be (-3)/(1 + -2) - (4 - 4). Let p be (-4)/(60/55)*r. Let v(t) = -87*t + 20. Is v(p) a prime number?
True
Suppose 15*g - 6965329 = -2578924. Is g a composite number?
False
Let h(y) = 5*y**2 + 2*y - 3. Let m be h(2). Suppose 2*a = -5 + 1. Is a/6 + 28/m + 156 a prime number?
True
Let y(z) = -18*z**2 - 25*z + 2. Let w be y(-11). Let t = w + 4330. Is t a composite number?
True
Suppose 0 = -22*c + 23*c + 4. Let s(t) = 8*t + 4. Let i be s(c). Is (610/i - 8/(-28))*-22 a prime number?
False
Let v(j) = 47*j**2 + 3*j + 2. Let s be v(-1). Suppose s*b - 54*b + 15256 = 0. Is b composite?
False
Let o(w) = -32091*w + 400. Is o(-15) a prime number?
False
Let c be (-12)/(-18) + (44/6 - 1). Suppose -2340 = -2*k - c*k. Suppose 0 = 6*y + k - 794. Is y a composite number?
False
Let l = -100 - -101. Let p be (l - 110/(-25)) + 6/(-15). Suppose 5*k - 3035 = -p*g, 3*g + g + 5*k = 2424. Is g composite?
True
Let f = -3 + 6